4 a multiple of 58?
True
Is 1037 a factor of 6308599?
False
Does 119 divide 952714?
True
Does 130 divide 3667820?
True
Does 24 divide 991440?
True
Is 6739854 a multiple of 33?
True
Is 5810770 a multiple of 698?
False
Is 80 a factor of 7950669?
False
Does 63 divide 98658?
True
Is 198608 a multiple of 26?
False
Is 782 a factor of 424393?
False
Is 191 a factor of 3699461?
False
Is 9 a factor of 1462708?
False
Is 20 a factor of 72027?
False
Does 10 divide 376390?
True
Does 96 divide 1615618?
False
Does 246 divide 39606?
True
Does 204 divide 23816600?
False
Does 38 divide 39368?
True
Does 16 divide 2161596?
False
Does 24 divide 630000?
True
Does 1245 divide 730018?
False
Is 84441 a multiple of 38?
False
Does 2119 divide 17960644?
True
Is 1369514 even?
True
Is 135 a factor of 3042782?
False
Does 190 divide 126073?
False
Is 40 a factor of 493536?
False
Does 160 divide 600767?
False
Is 433387 a multiple of 139?
False
Does 111 divide 95885?
False
Does 14 divide 250642?
True
Is 141 a factor of 1269?
True
Is 86824 a multiple of 109?
False
Is 2943068 a multiple of 149?
False
Is 18 a factor of 808128?
True
Does 979 divide 115109?
False
Is 877 a factor of 515155?
False
Is 156 a factor of 1330249?
False
Does 2 divide 341392?
True
Is 9 a factor of 179028?
True
Is 63 a factor of 447741?
True
Does 29 divide 1206969?
False
Is 4 a factor of 2473?
False
Is 3820390 a multiple of 14?
True
Does 32 divide 78176?
True
Is 17 a factor of 754868?
True
Is 173789 a multiple of 11?
True
Is 9 a factor of 350210?
False
Is 9 a factor of 79155?
True
Does 12 divide 1410688?
False
Is 31 a factor of 22475?
True
Is 108 a factor of 445608?
True
Does 29 divide 385658?
False
Is 15 a factor of 597390?
True
Does 59 divide 49737?
True
Does 109 divide 5027080?
True
Is 2134370 a multiple of 70?
True
Is 128 a factor of 103168?
True
Does 692 divide 384671?
False
Is 4417875 a multiple of 315?
True
Is 27225 a multiple of 45?
True
Is 9 a factor of 12084192?
True
Does 86 divide 49106?
True
Does 93 divide 5314306?
False
Does 30 divide 14536436?
False
Is 35663 a multiple of 76?
False
Is 230 a factor of 617025?
False
Does 203 divide 247460?
False
Is 4363380 a multiple of 210?
True
Is 67 a factor of 31955099?
False
Is 78 a factor of 213798?
True
Does 4 divide 3483312?
True
Is 17 a factor of 440006?
False
Is 1545612 a multiple of 76?
True
Is 259080 a multiple of 17?
True
Is 13 a factor of 2012478?
True
Is 7 a factor of 423981?
False
Is 4825258 a multiple of 93?
False
Does 50 divide 849199?
False
Is 283696 a multiple of 14?
True
Is 2187840 a multiple of 1720?
True
Is 1782569 a multiple of 23?
True
Is 5600469 a multiple of 21?
True
Is 118 a factor of 2006944?
True
Is 1412858 a multiple of 218?
True
Does 31 divide 326479?
False
Is 99 a factor of 4158?
True
Does 3 divide 187242?
True
Does 14 divide 125426?
True
Is 22 a factor of 1871165?
False
Is 40012 a multiple of 33?
False
Does 31 divide 6133352?
False
Is 442 a factor of 423913?
False
Does 367 divide 296068?
False
Does 17 divide 2668307?
False
Does 911 divide 2001283?
False
Does 8 divide 1904?
True
Is 718 a factor of 5331176?
False
Does 193 divide 8763082?
False
Does 2 divide 25764?
True
Does 687 divide 263808?
True
Is 42 a factor of 8346737?
False
Does 16 divide 841936?
True
Is 16 a factor of 567957?
False
Is 3274466 a multiple of 228?
False
Is 299904 a multiple of 528?
True
Does 21 divide 3172632?
False
Is 4 a factor of 236456?
True
Is 83 a factor of 775552?
True
Does 596 divide 1366032?
True
Is 5 a factor of 176460?
True
Does 13 divide 543513?
False
Is 2348064 a multiple of 12?
True
Is 8 a factor of 521351?
False
Is 8460397 a multiple of 11?
True
Does 44 divide 10494396?
True
Does 4 divide 80737?
False
Is 491154 a multiple of 109?
True
Is 119288 a multiple of 104?
True
Does 255 divide 76926?
False
Is 1136500 a multiple of 50?
True
Is 157 a factor of 117436?
True
Does 110 divide 277090?
True
Is 73399 a multiple of 16?
False
Is 158624 a multiple of 32?
True
Does 450 divide 350827?
False
Is 114609 a multiple of 253?
True
Is 2269344 a multiple of 32?
True
Does 27 divide 1011447?
True
Does 10 divide 178976?
False
Is 667429 a multiple of 182?
False
Is 614828 a multiple of 206?
False
Is 20880 a multiple of 20?
True
Is 157451 a multiple of 83?
True
Is 172588 a multiple of 52?
True
Does 95 divide 48925?
True
Is 1044428 a multiple of 154?
True
Is 108669 a multiple of 33?
True
Is 294214 a multiple of 25?
False
Is 211732 a multiple of 86?
True
Does 22 divide 1640210?
True
Is 301716 a multiple of 289?
True
Does 4 divide 36643?
False
Does 95 divide 1601035?
True
Is 377058 a multiple of 174?
True
Is 1788391 a multiple of 757?
False
Is 33488 a multiple of 16?
True
Does 9 divide 626457?
False
Is 3480 a multiple of 4?
True
Does 1695 divide 3999804?
False
Does 43 divide 4279044?
False
Is 8468174 a multiple of 22?
True
Does 827 divide 2564527?
True
Is 97 a factor of 278099?
True
Does 2 divide 3350?
True
Does 155 divide 237770?
True
Is 400709 a multiple of 176?
False
Does 245 divide 999625?
False
Is 25 a factor of 631790?
False
Does 17 divide 11441?
True
Is 135 a factor of 1519301?
False
Is 196 a factor of 16617664?
True
Is 1587764 a multiple of 79?
False
Is 994 a factor of 2114238?
True
Is 148695 a multiple of 322?
False
Is 634 a factor of 174030?
False
Is 21336830 a multiple of 521?
False
Is 220 a factor of 283454?
False
Is 83 a factor of 135954?
True
Is 165 a factor of 642015?
True
Is 5 a factor of 1201395?
True
Is 691 a factor of 6298904?
False
Is 15 a factor of 187920?
True
Is 15 a factor of 151395?
True
Is 20 a factor of 9220?
True
Does 33 divide 206712?
True
Is 85 a factor of 27425?
False
Does 276 divide 136283?
False
Is 89 a factor of 93960?
False
Does 971 divide 1841549?
False
Does 14 divide 5774426?
True
Is 162 a factor of 3038967?
False
Is 67 a factor of 3622556?
True
Does 48 divide 199094?
False
Is 1149808 a multiple of 7?
False
Does 56 divide 4606112?
True
Is 88 a factor of 383150?
False
Is 7380 a multiple of 209?
False
Is 5765281 a multiple of 20?
False
Does 478 divide 367104?
True
Does 7 divide 837051?
False
Is 76 a factor of 110132?
False
Is 71054 a multiple of 27?
False
Is 1289006 a multiple of 9?
False
Is 6 a factor of 9480?
True
Is 181 a factor of 104618?
True
Is 87 a factor of 706677?
False
Is 763 a factor of 4684820?
True
Is 6 a factor of 102576?
True
Does 1297 divide 5047924?
True
Is 2398771 a multiple of 571?
True
Is 6971 a multiple of 2?
False
Is 259924 a multiple of 14?
True
Is 9962 a multiple of 7?
False
Is 2289080 a multiple of 22?
False
Does 16 divide 24362?
False
Is 380 a factor of 1219128?
False
Is 75429 a multiple of 26?
False
Is 6 a factor of 1848624?
True
Is 1726770 a multiple of 3?
True
Is 5078784 a multiple of 1167?
True
Is 1002230 a multiple of 31?
True
Does 50 divide 1932900?
True
Is 169 a factor of 3284322?
False
Does 478 divide 53341?
False
Is 425 a factor of 2508570?
False
Is 547964 a multiple of 125?
False
Is 1403918 a multiple of 111?
False
Does 27 divide 148246?
False
Does 46 divide 1609072?
False
Is 11 a factor of 9350?
True
Is 221 a factor of 6093118?
False
Does 28 divide 4728800?
False
Is 572 a factor of 375804?
True
Does 5 divide 22005?
True
Is 815076 a multiple of 54?
True
Does 13 divide 832421?
False
Does 7 divide 63539?
True
Is 1141 a factor of 15088584?
True
Is 24393165 a multiple of 22?
False
Does 4 divide 557830?
False
Is 7 a factor of 25877?
False
Is 10478264 a multiple of 4?
True
Does 20 divide 2976243?
False
Is 7 a factor of 2038264?
False
Is 17 a factor of 109225?
True
Is 85 a factor of 1302795?
True
Is 90 a factor of 215251?
False
Is 450 a factor of 2364300?
True
Is 23773475 a multiple of 319?
True
Is 276146 a multiple of 247?
True
Is 1202670 a multiple of 28?
False
Does 15 divide 3572034?
False
Is 4 a factor of 32209?
False
Does 12 divide 64485?
False
Is 82 a factor of 564543?
False
Is 341 a factor of 90331?
False
Does 20 divide 6447988?
False
Is 483044 a multiple of 197?
True
Does 34 divide 769956?
False
Is 19409 a multiple of 4?
False
Is 178 a factor of 200428?
True
Is 240 a factor of 361191?
False
Is 225 a factor of 56379?
False
Does 96 divide 193702?
False
Does 42 divide 751622?
False
Does 303 divide 127866?
True
Does 232 divide 902248?
True
Is 14 a factor of 9634968?
True
Is 715 a factor of 1909050?
Tr